 the first derivative of 2*p**3/3 + 3*p**2 + 9*p + 11. Let l be j(-6). What is the greatest common factor of 18 and l?
9
Let o = -48 + 83. Let f be (1 - o/(-15))*3. Let r(y) = -26*y - 1. Let m be r(-1). What is the highest common divisor of m and f?
5
Let n be ((-20)/3)/((-10)/75). Let a = 2 - -123. What is the greatest common factor of n and a?
25
Suppose 0 = h + 35 - 200. What is the highest common factor of h and 220?
55
Suppose -9*c - 30 = -12*c. Suppose -7 = 3*g + 8. Let b be 98 - g/(10/4). Calculate the highest common divisor of b and c.
10
Let a = 1011 - 606. Suppose -5*p - a = -3*w, p = -3*w + 343 + 80. Calculate the greatest common factor of 28 and w.
28
Let v = -66 - -126. Suppose 86*f = 2727 + 713. What is the highest common divisor of f and v?
20
Suppose -2*s = -s. Suppose 4*r + q + 355 = s, -135 = 2*r + 2*q + 35. Let y = r + 158. Calculate the greatest common factor of 17 and y.
17
Suppose 2*a = -2*a - 308. Let q = -59 - a. Calculate the greatest common factor of 90 and q.
18
Let b(x) = 5*x**2 + 14*x - 21. Let t be b(9). Calculate the greatest common divisor of t and 34.
34
Suppose 4*z - 14 = 46. Let b(w) = 2*w - 17. Let k be b(z). What is the highest common divisor of 143 and k?
13
Let p = 13 - 208. Let c be ((-8)/(-2))/16 + p/(-20). Suppose 0 = -3*d + 15 - 3. What is the highest common factor of c and d?
2
Let k = -2092 + 2167. Calculate the highest common factor of k and 345.
15
Let q(p) = -13*p**2 - 6*p - 11. Let h(y) = 9*y**2 + 4*y + 7. Let n(m) = -7*h(m) - 5*q(m). Let o be n(3). Calculate the greatest common factor of o and 30.
30
Suppose 21*d - 414 = 3*d. Calculate the greatest common factor of d and 207.
23
Suppose u - 48 = -0*u. Suppose 0 = -k + 4*k + u. Let r = -4 - k. Calculate the highest common factor of 6 and r.
6
Suppose 845 = 4*n + 9*n. Calculate the greatest common factor of 26 and n.
13
Let a = 42 + -36. Let j be 9/a - 3/(-6) - -31. What is the highest common divisor of j and 22?
11
Suppose -6*f + 206 = -256. What is the highest common divisor of 11 and f?
11
Suppose -2 = 2*l - 0. Let q be l*(2 + -1 - 45). Let j(s) = -s + 17. Let t be j(6). Calculate the highest common divisor of q and t.
11
Let h(m) = 2*m**2 + 69*m - 73. Let k be h(-37). Let b = -4 + -12. Let u be (3 + -6)*b/3. Calculate the greatest common divisor of k and u.
16
Let s = 110 + 0. Let f = 15 + -10. Suppose -64 = -f*g - 14. What is the highest common factor of g and s?
10
Let f(t) = t**2 + 10*t - 7. Let r = -34 - -23. Let p be f(r). Let j be (-4*3)/p*-7. What is the greatest common factor of j and 7?
7
Let z = 103 - 91. Let u be (3/(-6))/((-2)/16). Let l be 42/1*u/z. What is the highest common factor of l and 2?
2
Let d be 1*-3 + -75*182/(-42). Calculate the greatest common divisor of 14 and d.
14
Let l(f) = 2*f + 8. Let y be l(-4). Suppose -4*q - 4 = -y. Let h be (q/(-2))/(3/60). Calculate the greatest common factor of 110 and h.
10
Let c be (-5621)/(-49) + 2 + 4/14. What is the greatest common factor of c and 78?
39
Let y(v) = -5*v**2 + 2*v + 18. Let i be y(0). Let w be 1071/i*2/(0 - -1). Let k be 67/4 + (-1)/(-4). Calculate the highest common divisor of k and w.
17
Suppose -4*v - 4*u + 6236 = 0, 22*u = 3*v + 20*u - 4682. Calculate the greatest common divisor of 80 and v.
40
Let z(h) = -19*h - 99. Let f be z(-6). Calculate the greatest common factor of 3 and f.
3
Let b = -15 - -70. Let p(w) = w**3 + 5*w**2 - w - 7. Let q be p(-6). Let t = b + q. Calculate the greatest common factor of 18 and t.
18
Let s = -81 - -83. Suppose -5*d + 5 = -105. Calculate the highest common factor of d and s.
2
Suppose 3*w + 2 = -1. Let v be 3*w + 14 + -11. Suppose -80 = -3*c - 2*b + 126, -4*c + b + 282 = v. Calculate the highest common divisor of c and 28.
14
Let l = -3 - -8. Suppose 0 = -k + 2*d + 6, 2*d = 2*k + l*d - 5. Suppose -o - k = -2*b, o - b = 3*o - 12. Calculate the greatest common factor of 32 and o.
4
Let t(f) = -f**2 - f. Let p be t(-2). Let z be -16*(1/p - 1). Suppose 2*n = -4*w + 4, 3*n + 16*w = 19*w + 15. Calculate the highest common factor of z and n.
4
Let l be 4*(144/40)/(4/15). Calculate the greatest common factor of 2 and l.
2
Let t = -207 + 219. What is the greatest common factor of t and 96?
12
Let f = -22 + 31. Let v be 13/52*-16 - 8/(-2). Suppose v = -d - 3 + f. Calculate the greatest common divisor of 18 and d.
6
Suppose -2*t + 138 = 3*t + o, t = 5*o + 38. Let d(q) = 224*q**2 - q - 1. Let z be d(-1). Calculate the highest common factor of t and z.
28
Let d be (56/(-10))/((-4)/30). Let w be (-8)/(-16)*(-5 + 171 + 2). What is the greatest common divisor of w and d?
42
Suppose 19*h = 22*h - 2*a - 2774, -2804 = -3*h - 4*a. What is the highest common factor of h and 128?
32
Suppose 0 = -16*i - 38*i + 5832. Let z(b) = -b**2 + 9*b - 6. Suppose 5*s - 13 - 17 = 0. Let l be z(s). What is the greatest common divisor of l and i?
12
Suppose -2720 - 18938 = -49*t. Calculate the greatest common divisor of t and 68.
34
Let n = 84 - 24. Suppose -135 = r - 2*r. Suppose -4*i - 5*g + 121 = 0, r = 5*i + g + 10. Calculate the greatest common factor of n and i.
12
Let s be 0 + 2/1 - 4. Let d(m) = 40*m**2 + 5. Let u be d(s). Calculate the greatest common divisor of u and 15.
15
Suppose i - 9 = 1. Let g(v) = v**3 - 11*v**2 + 12*v - 18. Let s be g(i). Suppose w = -s*w + 15. What is the highest common factor of 35 and w?
5
Let d(z) = -4 + 22 - z + 10. Let j be d(13). Suppose 6*b = 5*b + j. What is the greatest common factor of 3 and b?
3
Let j(v) = -14*v - 4. Let q be j(-1). Calculate the greatest common divisor of 15 and q.
5
Suppose -7*h - 12*h + 1425 = 0. What is the highest common divisor of h and 465?
15
Let m = -224 - -235. Suppose -t = -52 - 25. Calculate the greatest common divisor of m and t.
11
Let p be 42/315 + (-776)/(-30). What is the greatest common divisor of 52 and p?
26
Let u(q) = 8*q**2 + 18*q + 75. Let g be u(-5). Calculate the greatest common divisor of g and 5.
5
Suppose -4*c + 2*y + 12 = 0, 13*c + 4*y = 15*c. What is the greatest common divisor of c and 26?
2
Suppose 0 = -9*l + 5340 - 399. Calculate the greatest common factor of 9 and l.
9
Let n be 17 - 0/(-4 - -1). Let x = 237 - 84. Calculate the highest common divisor of x and n.
17
Let r(p) = 16*p + 4. Let l(f) = -15*f - 4. Let j(u) = 5*l(u) + 4*r(u). Let y be j(-12). Calculate the highest common factor of y and 16.
16
Suppose -i = i - 136. Suppose 0 = 119*y - 123*y + 204. What is the greatest common factor of i and y?
17
Let x(o) = -25*o - 60. Let t be x(-4). What is the highest common factor of 16 and t?
8
Suppose m + 4*m = 5*v - 410, 0 = -5*v + 2*m + 401. Suppose 81 = 4*t - v. Let d = 185 + -180. What is the greatest common factor of t and d?
5
Let c be (-4)/(-1 - (-14)/22). Suppose -c*j + 14*j - 48 = 0. What is the greatest common divisor of j and 144?
16
Let t be 3/(-9) + (-57)/(-9). Let a(k) = k**2 - 15*k + 14. Let s be a(t). Let b = 84 + s. What is the highest common factor of b and 110?
22
Let v(f) = -f**2 + 39*f - 320. Let u be v(17). What is the highest common divisor of 288 and u?
18
Let g = 539 + -399. What is the greatest common divisor of g and 20?
20
Let v = 407 - -88. Let g = -3 + 48. What is the highest common divisor of g and v?
45
Let x(n) = -5*n - 3. Let b be x(-3). Suppose 3*t = -16*t + 76. What is the highest common factor of t and b?
4
Let y be 21/56 + (-3453)/(-8). Suppose y = 3*a - 2*m, -576 = -2*a - 2*a + 5*m. Let z = 39 + -21. Calculate the greatest common factor of z and a.
18
Let k = 176 - 71. Let g be (14/(-35))/((-3)/k). What is the greatest common divisor of 84 and g?
14
Suppose 3*s + 3*u - 3 = 5*s, -4*s + 3*u = 3. Suppose c + 3*n - 15 = s, 0 = 2*n - 0*n + 4. What is the greatest common divisor of c and 168?
21
Let o = 634 - 349. What is the highest common factor of 30 and o?
15
Let l = 267 + -248. Suppose l*o - 100 + 5 = 0. Let a be 6*(0 + 10/3). Calculate the highest common factor of o and a.
5
Suppose 3*l - 5*t + 15 = 0, 4*l + 6 = -0*l + 2*t. Suppose -4*h + 2*h = l, -h = d - 22. What is the highest common factor of 55 and d?
11
Suppose 0 = 16*r - 10*r - 18. Let b be (52/12)/(1/r). Calculate the highest common factor of 52 and b.
13
Let b be ((-8)/(-10))/(6/330). What is the highest common divisor of 484 and b?
44
Let o be 3 + -6 - -7 - 45/(-5). Let j = 